{"id":147,"date":"2016-01-31T19:09:21","date_gmt":"2016-01-31T17:09:21","guid":{"rendered":"http:\/\/proengines.fi\/wordpress\/?page_id=147"},"modified":"2016-08-28T16:07:37","modified_gmt":"2016-08-28T13:07:37","slug":"yritys-2","status":"publish","type":"page","link":"http:\/\/proengines.fi\/wordpress\/","title":{"rendered":"Yritys"},"content":{"rendered":"<h2>Ty\u00f6nkuvaamme kuluu<\/h2>\n<p><img loading=\"lazy\" decoding=\"async\" class=\"alignleft size-thumbnail wp-image-44\" src=\"http:\/\/proengines.fi\/wordpress\/wp-content\/uploads\/2015\/09\/bmw-007800-150x150.jpg\" alt=\"bmw 007800\" width=\"150\" height=\"150\" \/>&#8211; Moottoreiden suunnittelu<br \/>\n&#8211; Moottoreiden koneistukset<br \/>\n&#8211; Tasapainoitukset (mm. V6,V8, Audi 5-syl)<br \/>\n&#8211; Ruiskutusj\u00e4rjestelmien asennukset:<br \/>\nHestec, MoTec, Civinco<br \/>\n&#8211; Kardaaniakselit<\/p>\n<h2><\/h2>\n<h2>Kalusto:<\/h2>\n<p style=\"text-align: left;\"><img loading=\"lazy\" decoding=\"async\" class=\"alignleft size-thumbnail wp-image-151\" src=\"http:\/\/proengines.fi\/wordpress\/wp-content\/uploads\/2016\/01\/mr_lyhennin-150x150.jpg\" alt=\"mr_lyhennin\" width=\"170\" height=\"170\" \/>&#8211; M\u00e4nn\u00e4nrenkaan lyhennyskone<br \/>\n&#8211; ASNU suutintesteri \/ ultra\u00e4\u00e4nipesuri<br \/>\n&#8211; Sorvi TOS SN40 mittalaitteineen<br \/>\n&#8211; Jyrsin Fexac UM mittalaitteineen<br \/>\n&#8211; Tasapainoituskone Turner 205<br \/>\n&#8211; Pylv\u00e4spora VDM<br \/>\n&#8211; Ultra\u00e4\u00e4nipesukone 30l<br \/>\n&#8211; mittav\u00e4lineet uusittu 2 vuoden sis\u00e4ll\u00e4 (katso galleria)<br \/>\n&#8211; Engine Analyzer Pro, moottorisimulointiohjelma<br \/>\n&#8211; Cam Analyzer, nokka-akseleiden mittaukseen<\/p>\n<h2>Moottorit:<\/h2>\n<p>Moottoreita tehty:<img loading=\"lazy\" decoding=\"async\" class=\"alignright size-thumbnail wp-image-158\" src=\"http:\/\/proengines.fi\/wordpress\/wp-content\/uploads\/2016\/01\/bmw-012-150x150.jpg\" alt=\"bmw-012\" width=\"150\" height=\"150\" \/><img loading=\"lazy\" decoding=\"async\" class=\"alignright size-thumbnail wp-image-167\" src=\"http:\/\/proengines.fi\/wordpress\/wp-content\/uploads\/2016\/01\/Valokuva0006-150x150.jpg\" alt=\"Valokuva0006\" width=\"150\" height=\"150\" \/><img loading=\"lazy\" decoding=\"async\" class=\"alignright wp-image-164 size-thumbnail\" src=\"http:\/\/proengines.fi\/wordpress\/wp-content\/uploads\/2016\/01\/img2614431-1--150x150.jpg\" alt=\"img2614431-1-\" width=\"150\" height=\"150\" \/><\/p>\n<p>&#8211; ralliin<br \/>\n&#8211; radalle<br \/>\n&#8211; j\u00e4\u00e4radalle<br \/>\n&#8211; kiihdytykseen<br \/>\n&#8211; drifting k\u00e4ytt\u00f6\u00f6n<br \/>\n&#8211; kadulle<\/p>\n","protected":false},"excerpt":{"rendered":"<div class=\"mh-excerpt\"><p>Ty\u00f6nkuvaamme kuluu &#8211; Moottoreiden suunnittelu &#8211; Moottoreiden koneistukset &#8211; Tasapainoitukset (mm. V6,V8, Audi 5-syl) &#8211; Ruiskutusj\u00e4rjestelmien asennukset: Hestec, MoTec, Civinco &#8211; Kardaaniakselit Kalusto: &#8211; M\u00e4nn\u00e4nrenkaan <a class=\"mh-excerpt-more\" href=\"http:\/\/proengines.fi\/wordpress\/\" title=\"Yritys\">[&#8230;]<\/a><\/p>\n<\/div>","protected":false},"author":1,"featured_media":0,"parent":0,"menu_order":0,"comment_status":"closed","ping_status":"closed","template":"","meta":{"ngg_post_thumbnail":0,"footnotes":""},"class_list":["post-147","page","type-page","status-publish","hentry"],"_links":{"self":[{"href":"http:\/\/proengines.fi\/wordpress\/wp-json\/wp\/v2\/pages\/147","targetHints":{"allow":["GET"]}}],"collection":[{"href":"http:\/\/proengines.fi\/wordpress\/wp-json\/wp\/v2\/pages"}],"about":[{"href":"http:\/\/proengines.fi\/wordpress\/wp-json\/wp\/v2\/types\/page"}],"author":[{"embeddable":true,"href":"http:\/\/proengines.fi\/wordpress\/wp-json\/wp\/v2\/users\/1"}],"replies":[{"embeddable":true,"href":"http:\/\/proengines.fi\/wordpress\/wp-json\/wp\/v2\/comments?post=147"}],"version-history":[{"count":11,"href":"http:\/\/proengines.fi\/wordpress\/wp-json\/wp\/v2\/pages\/147\/revisions"}],"predecessor-version":[{"id":149,"href":"http:\/\/proengines.fi\/wordpress\/wp-json\/wp\/v2\/pages\/147\/revisions\/149"}],"wp:attachment":[{"href":"http:\/\/proengines.fi\/wordpress\/wp-json\/wp\/v2\/media?parent=147"}],"curies":[{"name":"wp","href":"https:\/\/api.w.org\/{rel}","templated":true}]}}